YEARLY CLIMATOLOGICAL SUMMARY for Aug 2024 NAME: Swanston Grove CITY: Edinburgh STATE: U.K. ELEV: 509 LAT: 055:53:54 LONG: 0003:12:28 TEMPERATURE ( °C), RAIN (mm), WIND SPEED (mph) HEAT COOL AVG MEAN DEG DEG WIND DOM MTH TEMP HIGH TIME LOW TIME DAYS DAYS RAIN SPEED HIGH TIME DIR -------------------------------------------------------------------------------------------------------- 01 03.8 11.4 16:19 -03.1 06:21 0448.3 0000.0 108.1 05.3 44.9 23:57 WSW 02 05.6 10.9 12:29 -03.4 04:53 0356.8 0000.0 66.0 05.6 38.0 07:36 WSW 03 05.5 14.6 16:38 -01.2 04:24 0394.0 0000.0 127.2 04.4 34.5 23:59 SW 04 14.5 22.2 13:23 00.5 06:08 0102.9 0000.0 120.9 02.9 35.6 00:06 SW 05 13.0 23.0 17:58 05.4 05:07 0172.4 0000.1 237.5 01.9 20.7 23:53 SW 06 13.4 23.7 15:35 06.2 05:34 0142.7 0000.0 27.7 03.9 33.4 20:13 WSW 07 14.7 22.2 13:23 08.5 02:48 0111.1 0000.0 72.5 02.9 35.6 23:57 WSW 08 14.9 23.5 15:03 09.2 03:36 0105.5 0001.0 56.0 04.3 34.5 23:59 WSW -------------------------------------------------------------------------------------------------------- 10.7 23.7 -3.4 1833.6 001.1 871.9 3.9 44.9 WSW Max >= 32.0: 0 Max <= 0.0: 3 Min <= 0.0: 240 Min <= -18.0: 0 Max >= 32.0: 0 Max <= 0.0: 3 Min <= 0.0: 240 Min <= -18.0: 0 Max <= -5.0: 0 Min <= -5.0: 0 Max <= -10.0: 0 Min <= -10.0: 0 Max <= -15.0: 0 Min <= -15.0: 0 Max <= -20.0: 0 Min <= -20.0: 0 Max <= -25.0: 0 Min <= -25.0: 0 Max Rain: 0.0 ON 31-01-24 Days of Rain: 152 (> .2mm) 80 (> 2mm) 8 (> 20mm) --------------------------------------------------------------------------------------------------------